133
-8 (base 14) to base 11
-8
Convert -5 (base 15) to base 7.
-5
12112 (base 3) to base 8
225
What is 102 (base 4) in base 15?
13
-d (base 16) to base 11
-12
Convert 11 (base 2) to base 16.
3
What is 9 (base 12) in base 7?
12
-30 (base 12) to base 6
-100
Convert -62 (base 7) to base 12.
-38
Convert 38 (base 13) to base 4.
233
Convert -16 (base 15) to base 11.
-1a
What is -3300 (base 4) in base 16?
-f0
What is 3 (base 4) in base 5?
3
Convert -103 (base 4) to base 14.
-15
-77 (base 13) to base 6
-242
-1 (base 16) to base 5
-1
What is 90 (base 12) in base 10?
108
What is 10 (base 4) in base 15?
4
What is 7 (base 11) in base 6?
11
Convert 5a (base 13) to base 7.
135
Convert 8 (base 15) to base 5.
13
Convert -16 (base 9) to base 5.
-30
Convert -4 (base 11) to base 9.
-4
What is -27 (base 16) in base 14?
-2b
What is -13 (base 7) in base 9?
-11
Convert 10 (base 2) to base 5.
2
12 (base 11) to base 15
d
What is -2 (base 9) in base 10?
-2
Convert -3 (base 15) to base 2.
-11
Convert d (base 15) to base 3.
111
Convert -1 (base 8) to base 16.
-1
Convert -9 (base 12) to base 4.
-21
-29 (base 14) to base 9
-41
5 (base 10) to base 6
5
5a (base 13) to base 3
2210
What is 53 (base 6) in base 16?
21
Convert -4a (base 16) to base 2.
-1001010
-4b (base 12) to base 8
-73
Convert -4 (base 12) to base 13.
-4
Convert -11 (base 12) to base 14.
-d
What is 113 (base 6) in base 7?
63
What is -3 (base 5) in base 8?
-3
What is 11a (base 15) in base 12?
18a
-201 (base 3) to base 15
-14
-10110011 (base 2) to base 9
-218
What is -1b (base 15) in base 3?
-222
Convert 0 (base 12) to base 14.
0
Convert 18 (base 9) to base 5.
32
Convert -11 (base 5) to base 2.
-110
What is -12 (base 5) in base 15?
-7
Convert 106 (base 7) to base 12.
47
6 (base 16) to base 2
110
What is -9 (base 13) in base 10?
-9
What is c9 (base 16) in base 8?
311
What is 2 (base 3) in base 10?
2
-121 (base 3) to base 9
-17
Convert 5 (base 11) to base 6.
5
Convert 1 (base 13) to base 5.
1
-1 (base 7) to base 6
-1
What is -13 (base 5) in base 11?
-8
Convert 143 (base 10) to base 3.
12022
20211 (base 3) to base 2
10111000
4 (base 12) to base 11
4
What is 11 (base 10) in base 12?
b
Convert -a (base 16) to base 7.
-13
What is -14 (base 12) in base 14?
-12
2 (base 14) to base 3
2
10120 (base 3) to base 4
1200
Convert -1 (base 7) to base 10.
-1
What is 0 (base 9) in base 15?
0
Convert 3 (base 4) to base 16.
3
What is 10 (base 2) in base 14?
2
Convert 2 (base 11) to base 9.
2
-1 (base 4) to base 12
-1
What is -4 (base 12) in base 8?
-4
Convert -88 (base 15) to base 4.
-2000
What is 1 (base 11) in base 13?
1
What is -2 (base 6) in base 10?
-2
What is -5 (base 14) in base 9?
-5
Convert -14 (base 6) to base 7.
-13
-2 (base 15) to base 3
-2
Convert -15 (base 12) to base 10.
-17
-138 (base 10) to base 13
-a8
Convert -1 (base 7) to base 11.
-1
Convert -5 (base 11) to base 9.
-5
Convert -240 (base 6) to base 13.
-75
4 (base 15) to base 7
4
Convert 14 (base 16) to base 11.
19
What is 303 (base 4) in base 5?
201
What is 15 (base 10) in base 2?
1111
Convert -1 (base 15) to base 8.
-1
Convert -116 (base 15) to base 11.
-204
Convert 33 (base 10) to base 9.
36
What is 66 (base 7) in base 15?
33
Convert -1000101 (base 2) to base 9.
-76
-26 (base 7) to base 16
-14
Convert -10 (base 2) to base 11.
-2
What is -200 (base 3) in base 13?
-15
Convert -3 (base 8) to base 11.
-3
Convert -a (base 15) to base 12.
-a
3 (base 11) to base 6
3
-1201 (base 5) to base 15
-bb
4 (base 15) to base 5
4
Convert 26 (base 15) to base 4.
210
What is -10 (base 16) in base 4?
-100
1 (base 3) to base 12
1
Convert -5 (base 8) to base 16.
-5
-122 (base 4) to base 2
-11010
What is -4 (base 5) in base 15?
-4
What is 11 (base 7) in base 9?
8
What is 15 (base 6) in base 15?
b
What is 37 (base 8) in base 13?
25
-b (base 14) to base 8
-13
-b (base 12) to base 16
-b
Convert -14 (base 11) to base 3.
-120
Convert -243 (base 7) to base 2.
-10000001
46 (base 11) to base 16
32
What is 23 (base 9) in base 12?
19
Convert -1a (base 14) to base 6.
-40
-3 (base 13) to base 9
-3
18 (base 15) to base 8
27
-43 (base 13) to base 5
-210
What is 10 (base 11) in base 10?
11
Convert 1001 (base 4) to base 12.
55
What is -7 (base 14) in base 6?
-11
Convert -36 (base 8) to base 15.
-20
What is -3 (base 6) in base 16?
-3
-112 (base 6) to base 12
-38
3 (base 5) to base 6
3
-72 (base 11) to base 4
-1033
-14 (base 14) to base 7
-24
What is 1 (base 4) in base 12?
1
147 (base 13) to base 15
103
What is -1 (base 11) in base 13?
-1
What is 10 (base 10) in base 15?
a
19 (base 16) to base 4
121
14 (base 15) to base 2
10011
-71 (base 13) to base 9
-112
What is -3 (base 5) in base 9?
-3
Convert -9 (base 14) to base 3.
-100
1 (base 8) to base 9
1
Convert -106 (base 9) to base 4.
-1113
-22 (base 4) to base 15
-a
Convert -3 (base 13) to base 15.
-3
2 (base 9) to base 12
2
2 (base 5) to base 8
2
4 (base 12) to base 5
4
What is -2 (base 14) in base 9?
-2
-10 (base 10) to base 11
-a
What is 1043 (base 6) in base 10?
243
What is 1c (base 16) in base 3?
1001
Convert 7 (base 14) to base 2.
111
What is -4 (base 6) in base 9?
-4
Convert -45 (base 6) to base 4.
-131
What is -2 (base 3) in base 6?
-2
-338 (base 9) to base 16
-116
0 (base 13) to base 16
0
What is -9 (base 14) in base 11?
-9
Convert -2 (base 5) to base 3.
-2
1 (base 2) to base 12
1
Convert -132 (base 7) to base 13.
-57
Convert -6 (base 11) to base 13.
-6
Convert 13 (base 8) to base 15.
b
What is -32 (base 13) in base 2?
-101001
Convert -40 (base 16) to base 13.
-4c
0 (base 6) to base 4
0
Convert -2 (base 4) to base 6.
-2
0 (base 5) to base 2
0
66 (base 9) to base 2
111100
-4 (base 16) to base 12
-4
-17 (base 14) to base 3
-210
What is -202 (base 4) in base 16?
-22
-10 (base 5) to base 8
-5
-2 (base 4) to base 3
-2
Convert -2 (base 15) to base 14.
-2
-4d (base 15) to base 4
-1021
Convert 1 (base 12) to base 13.
1
Convert 8 (base 12) to base 8.
10
Convert -5 (base 13) to base 16.
-5
What is -1221 (base 3) in base 8?
-64
What is -3 (base 9) in base 13?
-3
Convert 2 (base 3) to base 12.
2
What is -131 (base 7) in base 8?
-107
Convert 0 (base 4) to base 6.
0
What is 11212 (base 3) in base 9?
155
What is -9 (base 13) in base 9?
-10
What is 16 (base 8) in base 10?
14
62 (base 9) to base 16
38
100 (base 2) to base 9
4
-b (base 15) to base 14
-b
26 (base 10) to base 7
35
0 (base 12) to base 2
0
Convert -100 (base 2) to base 9.
-4
Convert 322 (base 5) to base 15.
5c
Convert 101 (base 2) to base 4.
11
What is 6 (base 11) in base 3?
20
What is 202 (base 6) in base 7?
134
Convert -46 (base 7) to base 12.
-2a
56 (base 10) to base 6
132
-1120 (base 3) to base 14
-30
What is 29 (base 12) in base 5?
113
What is 102122 (base 3) in base 16?
13a
What is -1 (base 3) in base 6?
-1
-9 (base 16) to base 13
-9
-11 (base 3) to base 7
-4
What is -b (base 16) in base 3?
-102
Convert 3 (base 11) to base 9.
3
6 (base 9) to base 4
12
What is 1 (base 10) in base 5?
1
46 (base 16) to base 5
240
Convert 1 (base 6) to base 11.
1
Convert -3 (base 4) to base 13.
-3
-14 (base 5) to base 4
-21
6 (base 16) to base 10
6
-35 (base 7) to base 15
-1b
What is 1 (base 9) in base 6?
1
22 (base 4) to base 15
a
Convert 3 (base 15) to base 13.
3
Convert 1 (base 11) to base 16.
1
Convert -106 (base 10) to base 9.
-127
-2 (base 5) to base 3
-2
-7 (base 10) to base 8
-7
Convert 30 (base 15) to base 4.
231
-10001 (base 4) to base 16
-101
351 (base 9) to base 5
2124
What is 4 (base 13) in base 2?
100
What is -18 (base 15) in base 14?
-19
What is -3 (base 6) in base 10?
-3
Convert 100010 (base 2) to base 6.
54
Convert -4 (base 5) to base 11.
-4
Convert -111 (base 3) to base 13.
-10
440 (base 6) to base 15
b3
Convert -20 (base 3) to base 12.
-6
What is -9 (base 11) in base 8?
-11
21 (base 5) to base 8
13
Convert 53 (base 12) to base 9.
70
Convert 1 (base 12) to base 14.
1
Convert 12 (base 16) to base 8.
22
Convert 1 (base 2) to base 14.
1
-12 (base 8) to base 4
-22
Convert -87 (base 16) to base 11.
-113
Convert -100000 (base 2) to base 13.
-26
What is 100 (base 4) in base 11?
15
What is b1 (base 12) in base 13?
a3
What is 6 (base 11) in base 2?
110
Convert -1 (base 15) to base 9.
-1
Convert -11 (base 15) to base 3.
-121
-54 (base 6) to base 10
-34
What is 11 (base 16) in base 9?
18
What is 1 (base 2